
In base 10, what is -126 + -2?
-128
In base 14, what is 3137 - 3?
3134
In base 10, what is 340 + -6?
334
In base 7, what is 201 - 1?
200
In base 15, what is 2bc - -3?
2c0
In base 4, what is -2 + -121?
-123
In base 6, what is -240 - -40?
-200
In base 4, what is -22 + 231?
203
In base 16, what is -bc + -4?
-c0
In base 6, what is -2341 + 2?
-2335
In base 2, what is 10010 - -10000?
100010
In base 12, what is -24 - 465?
-489
In base 15, what is 1 - da?
-d9
In base 3, what is -11 - 20201?
-20212
In base 14, what is -74 + 2?
-72
In base 11, what is 3a18 + -3?
3a15
In base 5, what is 0 - 301?
-301
In base 7, what is -605 + -13?
-621
In base 14, what is 4 + 9?
d
In base 2, what is 10000 - -100?
10100
In base 3, what is 102201 - -10?
102211
In base 8, what is -1 - -1134?
1133
In base 8, what is 16 + 1?
17
In base 12, what is -3 - 99?
-a0
In base 9, what is 4 + 214?
218
In base 8, what is -3 - -204?
201
In base 4, what is -1 + 102?
101
In base 15, what is 43 + 5?
48
In base 13, what is -6 - 6b?
-74
In base 15, what is -2 - -226?
224
In base 9, what is -4 + 111?
106
In base 4, what is -303301 - 11?
-303312
In base 5, what is 111 + -10?
101
In base 2, what is -1001100001 - 11?
-1001100100
In base 6, what is 10 - 550?
-540
In base 3, what is -10 - -200012?
200002
In base 4, what is -133 - 20?
-213
In base 10, what is -179 - 13?
-192
In base 12, what is 5 + -4?
1
In base 7, what is 41605 + 2?
41610
In base 8, what is -5 - -1?
-4
In base 4, what is -33 - 221?
-320
In base 16, what is -3 - 6c?
-6f
In base 10, what is -9 - 242?
-251
In base 6, what is 3 + 2131?
2134
In base 13, what is 1c41 - -5?
1c46
In base 12, what is 5 - -276?
27b
In base 8, what is 34 + -15?
17
In base 4, what is -13 + 2?
-11
In base 5, what is 221 + -31?
140
In base 16, what is -1 - -3?
2
In base 7, what is 5364 + -1?
5363
In base 7, what is -3 + -20?
-23
In base 14, what is -a + -16b?
-177
In base 14, what is b - -1b5?
1c2
In base 12, what is -15 - -311?
2b8
In base 11, what is -8015 - 0?
-8015
In base 10, what is 5 - -29?
34
In base 13, what is 9 - -88?
94
In base 8, what is -735 - 5?
-742
In base 13, what is 1309 + -6?
1303
In base 9, what is -6 - 4?
-11
In base 12, what is -2a - 9?
-37
In base 6, what is 50 + -210?
-120
In base 11, what is 17 - -71?
88
In base 10, what is 68 - 3?
65
In base 3, what is 10011010 - 1?
10011002
In base 2, what is 1100 + 100101?
110001
In base 16, what is 0 + -af?
-af
In base 6, what is 54 - -1241?
1335
In base 14, what is -5 + 101?
da
In base 7, what is 144 - -1?
145
In base 6, what is 5 + 3530?
3535
In base 11, what is -516 + 1?
-515
In base 12, what is 5 + -1018?
-1013
In base 14, what is 5 - -1db?
202
In base 14, what is -1c - -3?
-19
In base 2, what is -1001001101 - -100?
-1001001001
In base 9, what is -17 + -66?
-84
In base 6, what is 3 + -14?
-11
In base 2, what is -100 - 11011?
-11111
In base 5, what is 10 - 411?
-401
In base 11, what is 574 - 2?
572
In base 6, what is -101 + -1531?
-2032
In base 16, what is 48 + -3e?
a
In base 9, what is 36 - -12?
48
In base 14, what is -4 - -7?
3
In base 2, what is -11100001000 - 11?
-11100001011
In base 5, what is 10 - 323?
-313
In base 6, what is 1 + -44?
-43
In base 4, what is 1 + 113?
120
In base 9, what is -5561 - 5?
-5566
In base 13, what is 4 + -153?
-14c
In base 4, what is 11130 - -1?
11131
In base 3, what is 2 - 2211?
-2202
In base 5, what is -43 - 133?
-231
In base 7, what is 20 + -50?
-30
In base 8, what is -10 + 30?
20
In base 8, what is 35 + -6?
27
In base 10, what is -5 + -3?
-8
In base 3, what is -10 + -1200221?
-1201001
In base 5, what is -32321 - 2?
-32323
In base 15, what is -529 + -c?
-536
In base 10, what is -86 - 29?
-115
In base 14, what is 7d - 1?
7c
In base 3, what is 0 + 11221?
11221
In base 11, what is -16421 + -1?
-16422
In base 5, what is 34 + 1240?
1324
In base 9, what is -8 - -35?
26
In base 14, what is -2 - 6a?
-6c
In base 13, what is -2ac8 + 0?
-2ac8
In base 3, what is 2 + 10100?
10102
In base 7, what is 4125 + -3?
4122
In base 3, what is -12 - 1021?
-1110
In base 7, what is -364 + -3?
-400
In base 16, what is -b + -17?
-22
In base 5, what is -112233 + 4?
-112224
In base 14, what is -5 - 2b?
-32
In base 6, what is -30211 + 4?
-30203
In base 13, what is 3 + -15?
-12
In base 7, what is 1426 + -1?
1425
In base 6, what is -4 - 123?
-131
In base 2, what is 10 + -10000111101?
-10000111011
In base 4, what is -3 - -30120?
30111
In base 5, what is -114301 - 1?
-114302
In base 3, what is 2 + 1200010?
1200012
In base 16, what is 21 + 14?
35
In base 14, what is -1 + b8c?
b8b
In base 7, what is 13 - 104?
-61
In base 4, what is 2212 - -1?
2213
In base 6, what is -1 + -1332?
-1333
In base 14, what is -8 - 50?
-58
In base 8, what is -4 + -112?
-116
In base 15, what is a + 8?
13
In base 2, what is 11 + -1010111?
-1010100
In base 16, what is -14 + f8?
e4
In base 15, what is -2 - -c8?
c6
In base 12, what is 1 - -3?
4
In base 6, what is 41004 + 3?
41011
In base 2, what is -110001111 + 1?
-110001110
In base 10, what is 87 - -43?
130
In base 3, what is 211 + 1112?
2100
In base 9, what is 383 - 13?
370
In base 8, what is -2 + -6044?
-6046
In base 7, what is 5 - 620?
-612
In base 5, what is -32 + -20?
-102
In base 8, what is 376 - -1?
377
In base 2, what is 11110101001100 - -11?
11110101001111
In base 10, what is -4177 - -1?
-4176
In base 6, what is 1 + -2400?
-2355
In base 16, what is 2 + -199?
-197
In base 9, what is -24 + -105?
-130
In base 16, what is 12c8 + -1?
12c7
In base 12, what is -1 + 13?
12
In base 14, what is 3 - -56?
59
In base 10, what is 3 - 29?
-26
In base 4, what is 20022 + -11?
20011
In base 3, what is 2201 - -1020?
10221
In base 7, what is 5 - -110?
115
In base 7, what is 1114 + 4?
1121
In base 5, what is -232 - -10?
-222
In base 12, what is 97 + -6?
91
In base 15, what is 4 - -9ea?
9ee
In base 10, what is -5 + -663?
-668
In base 12, what is -6 - 127?
-131
In base 3, what is -202011 - -11?
-202000
In base 8, what is -1 - -447?
446
In base 9, what is 1415 - 0?
1415
In base 5, what is -1141 + -1?
-1142
In base 15, what is 13a9 - 6?
13a3
In base 8, what is -640 + 14?
-624
In base 16, what is -7 + -28?
-2f
In base 14, what is 22 + 34?
56
In base 16, what is -3 - 781?
-784
In base 12, what is -7 + 65?
5a
In base 14, what is -39 + 5?
-34
In base 9, what is 4 - -77?
82
In base 16, what is 0 + 148?
148
In base 16, what is 4 + -67?
-63
In base 5, what is -323 + -11?
-334
In base 2, what is -1000 - -1?
-111
In base 5, what is 1031 + 4?
1040
In base 13, what is 48b - 9?
482
In base 8, what is 7054 + 1?
7055
In base 11, what is 3 + 71?
74
In base 12, what is 119 + -2a?
ab
In base 8, what is 1725 + 0?
1725
In base 7, what is 44 + 6?
53
In base 11, what is -5 - 234?
-239
In base 13, what is -5a - -3?
-57
In base 3, what is 1 - -110120?
110121
In base 14, what is 64 - -14?
78
In base 16, what is 5c + 2?
5e
In base 14, what is -6522 - -4?
-651c
In base 15, what is 86 + a?
91
In base 16, what is -1e + 2?
-1c
In base 9, what is -211 + -2?
-213
In base 12, what is -105 - 4?
-109
In base 11, what is -2a9 - 1?
-2aa
In base 11, what is -5 + 36?
31
In base 5, what is 220213 - -4?
220222
In base 16, what is 43 + 39?
7c
In base 13, what is 3 - -3b?
41
In base 5, what is 244 - 2?
242
In base 2, what is -10111 - -1?
-10110
In base 6, what is -15 + 135?
120
In base 7, what is 3 + -23?
-20
In base 15, what is 1ab + -1?
1aa
In base 14, what is -1 - 420?
-421
In base 13, what is 10 - 122?
-112
In base 16, what is 9d - 19?
84
In base 5, what is 0 + -11233?
-11233
In base 15, what is -10 - -158?
148
In base 10, what is -236 - 36?
-272
In base 6, what is -3 + 35?
32
In base 2, what is 100 + 1110111100?
1111000000
In base 15, what is -13 - 21?
-34
In base 13, what is -5 + 106?
101
In base 8, what is -3 - -422?
417
In base 16, what is 14 - -1?
15
In base 12, what is 0 - -257?
257
In base 5, what is 311112 + 2?
311114
In base 5, what is -34 - -14?
-20
In base 7, what is -2103 - 6?
-2112
In base 9, what is -321 - 6?
-327
In base 14, what is 13c9 - -2?
13cb
In base 13, what is -4083 + -2?
-4085
In base 10, what is -2498 - 3?
-2501
In base 12, what is -72 - 16?
-88
In base 9, what is 74 - 1?
73
In base 15, what is 4926 - 1?
4925
In base 14, what is 0 - 194?
-194
In base 14, what is 0 - 26ba?
-26ba
In base 4, what is -1